ulate the remainder when 126 is divided by x(2).
30
Suppose -r = -2*r. Let u(k) = k + 6. What is the remainder when 15 is divided by u(r)?
3
Suppose -h - 13 = -2*o, -2*h = 2*o - 8 - 14. Calculate the remainder when 23 is divided by o.
7
Suppose -a = -0*a - 4. Suppose -m - 39 = -4*m - 3*y, -5*m - a*y = -63. Calculate the remainder when 32 is divided by m.
10
Let n = -7 + 12. Let k = -18 + 31. What is the remainder when k is divided by n?
3
Suppose 0 = 3*h - 5*v - 27, -7 = 5*h - 4*v - 39. Suppose i - 18 = -5. What is the remainder when i is divided by h?
1
Let t = 48 - 41. Calculate the remainder when 41 is divided by t.
6
Let p be 32/((-3)/(-3)) + -2. Let l = -17 + p. What is the remainder when l is divided by 5?
3
Suppose 0 = 2*r - 4*r + 8. Suppose -6*w + 2*v + 34 = -4*w, r*w + v - 78 = 0. Calculate the remainder when w is divided by 7.
5
Suppose 0 = v + 5, -2*c - 40 = 2*v + 2*v. Let r(i) = i**3 + 11*i**2 + 13*i - 13. Let b be r(c). Let f = b - -86. What is the remainder when f is divided by 11?
10
Suppose x - 88 = -3*x. Let u = -1 + 9. What is the remainder when x is divided by (-5)/((-50)/u)*15?
10
Suppose -131*x + 13 = -130*x. Calculate the remainder when 61 is divided by x.
9
Let d(k) = -k**2 + k + 5. Let v = 5 - 5. Calculate the remainder when 13 is divided by d(v).
3
Suppose 5*b + 3 + 17 = -5*q, -q + 4*b = -1. Let v(z) = -1. Let p(n) = 13*n - 7. Let k(t) = -p(t) + 3*v(t). Calculate the remainder when k(q) is divided by 15.
13
Suppose 152 = 5*p - 153. Suppose 29 = -5*q - p. Let m = q - -53. Calculate the remainder when m is divided by 18.
17
Suppose c - 4*m - 25 = 0, 0*m - 3*m = 9. What is the remainder when 38 is divided by c?
12
Suppose 18 + 195 = 3*c. What is the remainder when c is divided by 15?
11
Let g = 21 + 33. Calculate the remainder when g is divided by 10.
4
Suppose -16 + 10 = -2*n. What is the remainder when 6 is divided by n?
0
Suppose -4*b = 4*v - 28, b + 13 = 3*v + v. Suppose -5*u = -4*t - 2*u + 96, -b*u + 147 = 5*t. What is the remainder when 105 is divided by t?
24
Let y = 12 + 6. What is the remainder when (-51)/(-7) - (-4)/(-14) is divided by 50/y - (-2)/9?
1
Let t = 24 + -3. Calculate the remainder when t is divided by ((-4)/(-6))/(2/33).
10
Suppose 4*s - 8 = 8*s. Let i be (-2 - s/3)*-3. Suppose -i*z = 5*k - 55, 5*k - z = 120 - 40. What is the remainder when 29 is divided by k?
14
Suppose -2*g = 4*s - 54, 0 = -5*s - 4*g + 38 + 34. Let o(c) = 16*c. Let w be o(2). Let r = 54 - w. What is the remainder when r is divided by s?
10
Let f be (-16)/56 - (-32)/14. Suppose -5*k + 35 = -2*r, -2*k + 7*r - f*r - 7 = 0. What is the remainder when 25 is divided by k?
7
Suppose 0*c - 10 = -c. What is the remainder when c is divided by 3?
1
Suppose -4*m = -2*m - 8. Suppose 48 = -m*b - 0*b. What is the remainder when b*((-24)/9 + 2) is divided by 3?
2
Let v(z) = -z**3 + 6*z**2 - 2*z + 9. Let r be v(6). Calculate the remainder when (-64)/r - 4/12 is divided by 11.
10
Let h be (0 + (-10)/1)/(-2). Let s(g) = g**2 - 4*g + 3. Let j be s(h). Let m = j - 3. What is the remainder when m is divided by 3?
2
Let b(o) = 32*o**2 - o. Let j(r) = r**3 - r + 6. Let g be j(0). Suppose 6*l - l + 2*q = 45, g = l + q. What is the remainder when b(1) is divided by l?
9
Calculate the remainder when ((-12)/(-10))/(6/75) is divided by 3.
0
Let f(s) = -42*s - 1. Calculate the remainder when f(-1) is divided by 11.
8
Let s = 111 - 32. What is the remainder when s is divided by 20?
19
Suppose -2*y + 71 - 23 = 0. Let u(r) = -r**2 + 10*r - 8. Let k be (-2)/(-8) - 54/(-8). What is the remainder when y is divided by u(k)?
11
Suppose 2*c = -0*c + 80. Suppose 3*p - c + 13 = 0. Suppose 4*f = 5*f - 5. What is the remainder when p is divided by f?
4
Let q be (-3)/(-4) - (-27)/12. Suppose -l - 2 = -1. Let a = l + q. What is the remainder when 3 is divided by a?
1
Let a = -24 + 25. Let w = 1 + 2. Suppose -3*i - 17 = -5*n, 3*n - i - 4 = w. What is the remainder when a is divided by n?
0
Let q(o) = -4*o - 12. What is the remainder when 6 is divided by q(-4)?
2
Let s = -11 + 19. Suppose 4*l - 26 = -3*b, 0 = 4*b - 0*l - 4*l - 72. What is the remainder when b is divided by s?
6
Let k = 8 + 14. Suppose -15 = -2*z - z + 3*d, -3*z = 5*d + 9. What is the remainder when (0/z - 0) + k is divided by 12?
10
Let y = -12 + 4. Calculate the remainder when (6 - y)/(1 - 0) is divided by 8.
6
Let j = -4 - -6. Suppose 2*t = 24 + j. Suppose c = -5*w + 18 - 6, -c - 2*w + 27 = 0. Calculate the remainder when c is divided by t.
11
Let d(r) = 2*r**2 - r. Let b be d(3). Suppose 3*c - b + 0 = 0. What is the remainder when 9 is divided by c?
4
Suppose -13*z = -7*z - 294. What is the remainder when 95 is divided by z?
46
Suppose 3*i - 2*x + 30 = 0, 2*x = -2*x. What is the remainder when 32 is divided by (-302)/(-18) - i/45?
15
Let k(i) = -i**3 + 7*i**2 - 3*i - 6. Calculate the remainder when k(6) is divided by -2*(3 + (-52)/8).
5
Suppose -k + 13 = -17. Calculate the remainder when k is divided by 16.
14
Let i = 19 - 13. Calculate the remainder when i is divided by 5.
1
What is the remainder when 54 is divided by (-2)/11 - 2171/(-143)?
9
Let f = 10 + -8. Suppose -10 = -k - f*t, -10 - 12 = -2*k - 3*t. Calculate the remainder when 2/(-7) + 282/7 is divided by k.
12
Let t = 91 + -65. What is the remainder when 49 is divided by t?
23
Let v be 174/(1 + 4 + -4). Let z = -118 + v. Calculate the remainder when z is divided by 20.
16
Let s be 1*(-10 + 1 + 0). Let p = 13 + s. Let d(o) = -o**3 + 4*o**2 + o + 2. What is the remainder when 10 is divided by d(p)?
4
Let l = 36 + -26. Calculate the remainder when 27 is divided by l.
7
Suppose -43 = -2*s + 19. Suppose 0 = 3*g - 2*g - 16. Calculate the remainder when s is divided by g.
15
Let b = 32 + -4. What is the remainder when 107 is divided by b?
23
Let g(a) be the second derivative of a**3 - 3*a**2 + 4*a. Let t(r) = 3*r**3 - 2*r**2. Calculate the remainder when g(6) is divided by t(2).
14
Let t(v) = v**3 - 2*v**2 - 3*v + 2. Let p(z) = 2*z - 9. Let s be p(6). Calculate the remainder when 8 is divided by t(s).
0
Suppose 3*l - 91 = -13. What is the remainder when 48 is divided by l?
22
What is the remainder when 32 is divided by (2/2)/(14/238)?
15
Suppose -4*i = -5*p - 12, -p = -4*p - 2*i + 6. Let k(s) = -s**2 + 6. Suppose -2*b = -7*b + 80. Calculate the remainder when b is divided by k(p).
4
Let p(z) = 2*z**2 - 4 - 6*z + 9 - z**2. What is the remainder when p(6) is divided by 3?
2
Let l = -1 - -8. What is the remainder when 27 is divided by l?
6
Let u(h) = 9*h**3 + h**2. Let v be u(-1). Calculate the remainder when 1 + 4/(v/(-30)) is divided by 6.
4
Suppose 0 = 4*s - 5*z - 17, -5*s + 5*z + 2 = -23. What is the remainder when 14 is divided by s?
6
Let x(m) = 2*m**2 + 10*m - 4. Calculate the remainder when 37 is divided by x(-6).
5
Suppose -2*j + 116 = 5*v - 4*v, 3*j - 2*v = 181. What is the remainder when j is divided by 20?
19
Suppose -2*o + 0 = -2. Calculate the remainder when -1*(129/(-3) + o) is divided by 11.
9
Let o = 17 - 4. Suppose -2*k + 35 + 21 = 0. Suppose -k = -b - 3*b. Calculate the remainder when o is divided by b.
6
Suppose 0 = l + 2*l - 3. Let z(m) = 22*m**3 - 2*m**2 + 1. Calculate the remainder when z(l) is divided by 6.
3
Suppose -2*c + 54 = -3*k, 6*k = 2*k - 8. Calculate the remainder when c is divided by 14.
10
Suppose -a = 2 - 4. Suppose -8 - 2 = -5*n. Calculate the remainder when a is divided by n.
0
Let a(o) = o**2 - 4*o. Calculate the remainder when a(8) is divided by 18.
14
Let z(m) = -m**2 + 9*m - 3. Calculate the remainder when 53 is divided by z(7).
9
Suppose -130 = -4*d - d. Calculate the remainder when 50 is divided by d.
24
Suppose 0 = 6*k - 12 - 108. What is the remainder when 119 is divided by k?
19
Let l = -25 + 49. Let n(a) = -a**3 - 5*a**2 - 5*a + 4. What is the remainder when n(-6) is divided by l?
22
Suppose -5*d + 2*f = -132, -d + 51 - 21 = -4*f. What is the remainder when d is divided by 9?
8
Let p(q) = q**3 - 3*q**2 + 5*q - 3. Calculate the remainder when p(4) is divided by 9.
6
Let d(f) = f**3 + 8*f**2 + 7*f + 9. Let z be d(-7). Let o(s) = 8 - s - 4*s**2 - z*s - s**3 - 6*s**2. Calculate the remainder when 65 is divided by o(-9).
14
Suppose -2*u - 2*h + 82 = -3*h, -h + 123 = 3*u. Calculate the remainder when u is divided